{"id":819,"date":"2015-03-19T15:39:51","date_gmt":"2015-03-19T15:39:51","guid":{"rendered":"http:\/\/www.newsense.com.br\/portal\/?page_id=819"},"modified":"2015-11-18T14:33:03","modified_gmt":"2015-11-18T14:33:03","slug":"planejestratatcompet","status":"publish","type":"page","link":"http:\/\/www.newsense.com.br\/portal\/planejestratatcompet\/","title":{"rendered":"Planejamento Estrat\u00e9gico Competitivo"},"content":{"rendered":"<h3 class=\"widget-title\">Planejamento Estrat\u00e9gico Competitivo<\/h3>\n<p>\t\t\t<img loading=\"lazy\" decoding=\"async\" class=\" wp-image-1429 alignleft\" src=\"http:\/\/www.newsense.com.br\/portal\/wp-content\/uploads\/2015\/03\/caminhos.png\" alt=\"caminhos\" width=\"524\" height=\"333\" srcset=\"http:\/\/www.newsense.com.br\/portal\/wp-content\/uploads\/2015\/03\/caminhos.png 488w, http:\/\/www.newsense.com.br\/portal\/wp-content\/uploads\/2015\/03\/caminhos-300x191.png 300w, http:\/\/www.newsense.com.br\/portal\/wp-content\/uploads\/2015\/03\/caminhos-480x305.png 480w, http:\/\/www.newsense.com.br\/portal\/wp-content\/uploads\/2015\/03\/caminhos-230x146.png 230w, http:\/\/www.newsense.com.br\/portal\/wp-content\/uploads\/2015\/03\/caminhos-350x222.png 350w\" sizes=\"auto, (max-width: 524px) 100vw, 524px\" \/><\/p>\n<p><i class=\"fa fa-map-marker\"><\/i>  Planejamento Estrat\u00e9gico, Alinhamento e Elabora\u00e7\u00e3o de Planos.<\/p>\n<p><\/p>\n<p><i class=\"fa fa-map-marker\"><\/i>&nbsp;&nbsp; Estrat\u00e9gia Competitiva:<\/p>\n<p><\/p>\n<p style=\"padding-left: 500px; text-align: left;\"><i class=\"fa fa-check\"><\/i>&nbsp; Modelo Delta e Processo Adaptativo.<br \/>\n<i class=\"fa fa-check\"><\/i>&nbsp;&nbsp; Modelo Disciplinas de Valor.<br \/>\n<i class=\"fa fa-check\"><\/i>&nbsp;&nbsp; Vantagem Corporativa: Vis\u00e3o Baseada em Recursos.<br \/>\n<i class=\"fa fa-check\"><\/i>&nbsp;&nbsp; Vantagem Competitiva de Porter.<br \/>\n<i class=\"fa fa-check\"><\/i>&nbsp;&nbsp; Modelos customizados.<\/p>\n<p><\/p>\n<p><i class=\"fa fa-map-marker\"><\/i>&nbsp;&nbsp; Modelos de Avalia\u00e7\u00e3o Estrat\u00e9gica:<\/p>\n<p><\/p>\n<p style=\"padding-left: 500px;\"><i class=\"fa fa-check\"><\/i>&nbsp;&nbsp; Balanced Scorecard.<br \/>\n<i class=\"fa fa-check\"><\/i>&nbsp;&nbsp; Value Profit Chain \/ Service Profit Chain.<br \/>\n<i class=\"fa fa-check\"><\/i>&nbsp;&nbsp; Organizational Learning Systems.<br \/>\n<i class=\"fa fa-check\"><\/i>&nbsp;&nbsp; Sigma, Skandia, E!3, etc.<\/p>\n","protected":false},"excerpt":{"rendered":"<p>Planejamento Estrat\u00e9gico Competitivo Planejamento Estrat\u00e9gico, Alinhamento e Elabora\u00e7\u00e3o de Planos. &nbsp;&nbsp; Estrat\u00e9gia Competitiva: &nbsp; Modelo Delta e Processo Adaptativo. &nbsp;&nbsp; Modelo Disciplinas de Valor. &nbsp;&nbsp; Vantagem Corporativa: Vis\u00e3o Baseada em Recursos. &nbsp;&nbsp; Vantagem Competitiva de Porter. &nbsp;&nbsp; Modelos customizados. &nbsp;&nbsp; Modelos de Avalia\u00e7\u00e3o Estrat\u00e9gica: &nbsp;&nbsp; Balanced Scorecard. &nbsp;&nbsp; Value Profit Chain \/ Service Profit Chain. [&hellip;]<\/p>\n","protected":false},"author":1,"featured_media":0,"parent":0,"menu_order":0,"comment_status":"closed","ping_status":"closed","template":"page-templates\/page_front-page.php","meta":{"footnotes":""},"class_list":["post-819","page","type-page","status-publish","hentry"],"_links":{"self":[{"href":"http:\/\/www.newsense.com.br\/portal\/wp-json\/wp\/v2\/pages\/819","targetHints":{"allow":["GET"]}}],"collection":[{"href":"http:\/\/www.newsense.com.br\/portal\/wp-json\/wp\/v2\/pages"}],"about":[{"href":"http:\/\/www.newsense.com.br\/portal\/wp-json\/wp\/v2\/types\/page"}],"author":[{"embeddable":true,"href":"http:\/\/www.newsense.com.br\/portal\/wp-json\/wp\/v2\/users\/1"}],"replies":[{"embeddable":true,"href":"http:\/\/www.newsense.com.br\/portal\/wp-json\/wp\/v2\/comments?post=819"}],"version-history":[{"count":24,"href":"http:\/\/www.newsense.com.br\/portal\/wp-json\/wp\/v2\/pages\/819\/revisions"}],"predecessor-version":[{"id":1442,"href":"http:\/\/www.newsense.com.br\/portal\/wp-json\/wp\/v2\/pages\/819\/revisions\/1442"}],"wp:attachment":[{"href":"http:\/\/www.newsense.com.br\/portal\/wp-json\/wp\/v2\/media?parent=819"}],"curies":[{"name":"wp","href":"https:\/\/api.w.org\/{rel}","templated":true}]}}