{"id":128,"date":"2013-09-27T20:12:16","date_gmt":"2013-09-27T20:12:16","guid":{"rendered":"http:\/\/www.newsense.com.br\/portal\/?page_id=128"},"modified":"2020-09-17T08:54:52","modified_gmt":"2020-09-17T08:54:52","slug":"metricas","status":"publish","type":"page","link":"https:\/\/www.newsense.com.br\/portal\/metricas\/","title":{"rendered":"M\u00c9TRICAS"},"content":{"rendered":"<h3 class=\"widget-title\" style=\"text-align: center;\">M\u00e9tricas<\/h3>\n<p style=\"text-align: center;\">A NewSense desenvolveu m\u00e9tricas para possibilitar a avalia\u00e7\u00e3o atrav\u00e9s de indicadores dos principais aspectos que sustentam o relacionamento da empresa com seus v\u00e1rios p\u00fablicos. Essas m\u00e9tricas s\u00e3o aplicadas de modo integrado para as necessidades espec\u00edficas de cada cliente.<\/p>\n<p style=\"text-align: center;\"><strong><em>\u00a0<\/em><\/strong><\/p>\n<p style=\"text-align: justify;\"><strong><em>Peoplesense<\/em><\/strong> \u2013 Compromisso<\/p>\n<p style=\"text-align: justify;\">* \u00a0Avaliar a satisfa\u00e7\u00e3o e compromisso do colaborador para com a empresa<\/p>\n<p style=\"text-align: justify;\">\u00a0<strong><em>PerfSense<\/em><\/strong> \u2013 Satisfa\u00e7\u00e3o<\/p>\n<p style=\"text-align: justify;\">* \u00a0Avaliar os aspectos utilit\u00e1rios e racionais dos produtos e servi\u00e7os oferecidos<\/p>\n<p style=\"text-align: justify;\"><strong><em>Internalsense<\/em><\/strong> \u2013 Coopera\u00e7\u00e3o<\/p>\n<p style=\"text-align: justify;\">* \u00a0Avaliar o grau de satisfa\u00e7\u00e3o e percep\u00e7\u00e3o de coopera\u00e7\u00e3o entre clientes internos e empresa<\/p>\n<p style=\"text-align: left;\"><strong><em>Imagesense<\/em><\/strong> \u2013 Imagem<\/p>\n<p style=\"text-align: left;\">* \u00a0Avaliar a imagem da empresa em seus diversos atributos<\/p>\n<p style=\"text-align: left;\"><strong><em>Essense<\/em><\/strong> \u2013 Engajamento<\/p>\n<p style=\"text-align: left;\">* \u00a0Avaliar o engajamento do consumidor com a marca ou produto<\/p>\n<p style=\"text-align: justify;\"><strong><em>Emotisense<\/em><\/strong> \u2013 Vincula\u00e7\u00e3o<\/p>\n<p style=\"text-align: justify;\">* \u00a0Avaliar os aspectos emocionais e afetivos na rela\u00e7\u00e3o com a empresa e sua marca<\/p>\n<p style=\"text-align: justify;\"><strong><em>Loyalsense<\/em><\/strong> \u2013 Lealdade<\/p>\n<p style=\"text-align: justify;\">* \u00a0Avaliar o conhecimento, prefer\u00eancia e aspectos comportamentais relativos \u00e0 empresa e sua marca<\/p>\n<p style=\"text-align: center;\">\n<h6 style=\"text-align: center;\">Para conhecer cada uma das m\u00e9tricas mais a fundo, solicite um contato t\u00e9cnico <a href=\"http:\/\/www.newsense.com.br\/portal\/contatos-2\/\" target=\"_blank\" rel=\"noopener noreferrer\">aqui.<\/a><\/h6>\n<p><span style=\"color: #808080;\"><a style=\"color: #808080;\" href=\"http:\/\/www.newsense.com.br\/portal\" target=\"_blank\" rel=\"noopener noreferrer\">HOME<\/a><\/span><\/p>\n","protected":false},"excerpt":{"rendered":"<p>M\u00e9tricas A NewSense desenvolveu m\u00e9tricas para possibilitar a avalia\u00e7\u00e3o atrav\u00e9s de indicadores dos principais aspectos que sustentam o relacionamento da empresa com seus v\u00e1rios p\u00fablicos. Essas m\u00e9tricas s\u00e3o aplicadas de modo integrado para as necessidades espec\u00edficas de cada cliente. \u00a0 Peoplesense \u2013 Compromisso * \u00a0Avaliar a satisfa\u00e7\u00e3o e compromisso do colaborador para com a empresa [&hellip;]<\/p>\n","protected":false},"author":1,"featured_media":0,"parent":0,"menu_order":0,"comment_status":"closed","ping_status":"closed","template":"page-templates\/page_front-page.php","meta":{"footnotes":""},"class_list":["post-128","page","type-page","status-publish","hentry"],"_links":{"self":[{"href":"https:\/\/www.newsense.com.br\/portal\/wp-json\/wp\/v2\/pages\/128","targetHints":{"allow":["GET"]}}],"collection":[{"href":"https:\/\/www.newsense.com.br\/portal\/wp-json\/wp\/v2\/pages"}],"about":[{"href":"https:\/\/www.newsense.com.br\/portal\/wp-json\/wp\/v2\/types\/page"}],"author":[{"embeddable":true,"href":"https:\/\/www.newsense.com.br\/portal\/wp-json\/wp\/v2\/users\/1"}],"replies":[{"embeddable":true,"href":"https:\/\/www.newsense.com.br\/portal\/wp-json\/wp\/v2\/comments?post=128"}],"version-history":[{"count":75,"href":"https:\/\/www.newsense.com.br\/portal\/wp-json\/wp\/v2\/pages\/128\/revisions"}],"predecessor-version":[{"id":2511,"href":"https:\/\/www.newsense.com.br\/portal\/wp-json\/wp\/v2\/pages\/128\/revisions\/2511"}],"wp:attachment":[{"href":"https:\/\/www.newsense.com.br\/portal\/wp-json\/wp\/v2\/media?parent=128"}],"curies":[{"name":"wp","href":"https:\/\/api.w.org\/{rel}","templated":true}]}}