{"id":43,"date":"2013-09-13T13:34:35","date_gmt":"2013-09-13T13:34:35","guid":{"rendered":"http:\/\/www.newsense.com.br\/portal\/?page_id=43"},"modified":"2015-12-03T18:25:15","modified_gmt":"2015-12-03T18:25:15","slug":"diferenciais","status":"publish","type":"page","link":"https:\/\/www.newsense.com.br\/portal\/diferenciais\/","title":{"rendered":"Diferenciais"},"content":{"rendered":"<h3 class=\"widget-title\">Diferenciais<\/h3>\n<p style=\"text-align: center;\"><strong>Espectro de atua\u00e7\u00e3o<img loading=\"lazy\" decoding=\"async\" class=\"wp-image-1514 alignright\" src=\"http:\/\/www.newsense.com.br\/portal\/wp-content\/uploads\/2013\/09\/obstaculos-sucesso.jpg\" alt=\"obstaculos-sucesso\" width=\"306\" height=\"172\" srcset=\"https:\/\/www.newsense.com.br\/portal\/wp-content\/uploads\/2013\/09\/obstaculos-sucesso.jpg 810w, https:\/\/www.newsense.com.br\/portal\/wp-content\/uploads\/2013\/09\/obstaculos-sucesso-300x169.jpg 300w, https:\/\/www.newsense.com.br\/portal\/wp-content\/uploads\/2013\/09\/obstaculos-sucesso-480x270.jpg 480w, https:\/\/www.newsense.com.br\/portal\/wp-content\/uploads\/2013\/09\/obstaculos-sucesso-230x129.jpg 230w, https:\/\/www.newsense.com.br\/portal\/wp-content\/uploads\/2013\/09\/obstaculos-sucesso-350x197.jpg 350w\" sizes=\"auto, (max-width: 306px) 100vw, 306px\" \/><\/strong><\/p>\n<p align=\"center\">Em praticamente todas as \u00e1reas de interesse <a href=\"http:\/\/www.newsense.com.br\/portal\/wp-content\/uploads\/2013\/09\/8-caracteristicas-de-um-gestor1.png\"><br \/>\n<\/a>organizacional e social, em virtude da composi\u00e7\u00e3o e das potencialidades de seu corpo t\u00e9cnico.<\/p>\n<p style=\"text-align: center;\"><strong>Excel\u00eancia dos recursos humanos<\/strong><\/p>\n<p align=\"center\">Com vincula\u00e7\u00e3o acad\u00eamica, principalmente junto a Universidade de S\u00e3o Paulo, al\u00e9m dos outrosprincipais centros universit\u00e1rios do pa\u00eds. Em sinergia com a base te\u00f3rica existe uma extensa<br \/>\nbagagem de projetos, estudos, pesquisas e consultorias desenvolvidas para organiza\u00e7\u00f5es p\u00fablicas e privadas no Brasil e exterior.<\/p>\n<p style=\"text-align: center;\"><strong><img loading=\"lazy\" decoding=\"async\" class=\" wp-image-1521 alignleft\" src=\"http:\/\/www.newsense.com.br\/portal\/wp-content\/uploads\/2013\/09\/planejamento-de-marketing-digital.png\" alt=\"planejamento-de-marketing-digital\" width=\"329\" height=\"178\" srcset=\"https:\/\/www.newsense.com.br\/portal\/wp-content\/uploads\/2013\/09\/planejamento-de-marketing-digital.png 866w, https:\/\/www.newsense.com.br\/portal\/wp-content\/uploads\/2013\/09\/planejamento-de-marketing-digital-300x163.png 300w, https:\/\/www.newsense.com.br\/portal\/wp-content\/uploads\/2013\/09\/planejamento-de-marketing-digital-480x261.png 480w, https:\/\/www.newsense.com.br\/portal\/wp-content\/uploads\/2013\/09\/planejamento-de-marketing-digital-830x450.png 830w, https:\/\/www.newsense.com.br\/portal\/wp-content\/uploads\/2013\/09\/planejamento-de-marketing-digital-230x125.png 230w, https:\/\/www.newsense.com.br\/portal\/wp-content\/uploads\/2013\/09\/planejamento-de-marketing-digital-350x190.png 350w\" sizes=\"auto, (max-width: 329px) 100vw, 329px\" \/>Agilidade e tecnologia<\/strong><\/p>\n<p style=\"text-align: center;\">Agilidade em termos operacionais, aliada ao dom\u00ednio do estado da arte das disciplinas t\u00e9cnicas e a alta tecnologia em equipamentos de coleta, processamento e an\u00e1lise de dados.<\/p>\n<p style=\"text-align: center;\"><strong>Integra\u00e7\u00e3o com o cliente<\/strong><\/p>\n<p style=\"text-align: center;\">Transfer\u00eancia de tecnologia, desenvolvendo o trabalho de modo integrado com equipes t\u00e9cnicas do cliente, sendo nossa filosofia totalmente contr\u00e1ria ao uso de &#8220;caixas pretas\u201d e &#8220;receitas\u201d ou &#8220;pacotes&#8221; prontos. Desse modo, dentro da pr\u00f3pria organiza\u00e7\u00e3o trabalhada, surge uma cultura orientada para a solu\u00e7\u00e3o do problema, com a capacita\u00e7\u00e3o t\u00e9cnica para seu correto tratamento.<\/p>\n<p>&nbsp;<\/p>\n","protected":false},"excerpt":{"rendered":"<p>Diferenciais Espectro de atua\u00e7\u00e3o Em praticamente todas as \u00e1reas de interesse organizacional e social, em virtude da composi\u00e7\u00e3o e das potencialidades de seu corpo t\u00e9cnico. Excel\u00eancia dos recursos humanos Com vincula\u00e7\u00e3o acad\u00eamica, principalmente junto a Universidade de S\u00e3o Paulo, al\u00e9m dos outrosprincipais centros universit\u00e1rios do pa\u00eds. Em sinergia com a base te\u00f3rica existe uma extensa [&hellip;]<\/p>\n","protected":false},"author":1,"featured_media":0,"parent":0,"menu_order":0,"comment_status":"closed","ping_status":"closed","template":"page-templates\/page_front-page.php","meta":{"footnotes":""},"class_list":["post-43","page","type-page","status-publish","hentry"],"_links":{"self":[{"href":"https:\/\/www.newsense.com.br\/portal\/wp-json\/wp\/v2\/pages\/43","targetHints":{"allow":["GET"]}}],"collection":[{"href":"https:\/\/www.newsense.com.br\/portal\/wp-json\/wp\/v2\/pages"}],"about":[{"href":"https:\/\/www.newsense.com.br\/portal\/wp-json\/wp\/v2\/types\/page"}],"author":[{"embeddable":true,"href":"https:\/\/www.newsense.com.br\/portal\/wp-json\/wp\/v2\/users\/1"}],"replies":[{"embeddable":true,"href":"https:\/\/www.newsense.com.br\/portal\/wp-json\/wp\/v2\/comments?post=43"}],"version-history":[{"count":21,"href":"https:\/\/www.newsense.com.br\/portal\/wp-json\/wp\/v2\/pages\/43\/revisions"}],"predecessor-version":[{"id":1527,"href":"https:\/\/www.newsense.com.br\/portal\/wp-json\/wp\/v2\/pages\/43\/revisions\/1527"}],"wp:attachment":[{"href":"https:\/\/www.newsense.com.br\/portal\/wp-json\/wp\/v2\/media?parent=43"}],"curies":[{"name":"wp","href":"https:\/\/api.w.org\/{rel}","templated":true}]}}